#---------------------------------------------------
#Pendl Adatbank - Módosítások SQL dumpj-a
#Időszak eleje: 2014.05.23 00:00:00
#Időszak vége: 2014.05.24 00:00:00
#---------------------------------------------------

REPLACE INTO `szemely_t` (`szemelyID`,`jelszo`,`idTitulus`,`nev`,`nevkoz`,`nevkereszt`,`szulev`,`idLakOrsz`,`iranyitoszam`,`varos`,`utca`,`idLevOrsz`,`levIrsz`,`levVaros`,`levUtca`,`telefon`,`tel2`,`mobil`,`email`,`altEmail`,`skype`,`linkedIn`,`DS`,`DEL`,`kep`,`visszaigazolt`) VALUES (UNHEX('3130333939'), UNHEX('5061616b61726131'), UNHEX('30'), UNHEX('4b69727374'), UNHEX(''), UNHEX('417474696c61'), UNHEX('31393738'), UNHEX('3136'), UNHEX('31303236'), UNHEX('4275646170657374'), UNHEX('5061736172c3a9746920c3ba74203635'), UNHEX('3136'), UNHEX(''), UNHEX(''), UNHEX(''), UNHEX('32302d3431392d35343238'), UNHEX(''), UNHEX(''), UNHEX('6b697273742e617474696c6140676d61696c2e636f6d'), UNHEX(''), UNHEX(''), UNHEX(''), UNHEX('323031342d30352d32332030393a33373a3039'), UNHEX('303030302d30302d30302030303a30303a3030'), UNHEX(''), UNHEX(''));
REPLACE INTO `szemely_t` (`szemelyID`,`jelszo`,`idTitulus`,`nev`,`nevkoz`,`nevkereszt`,`szulev`,`idLakOrsz`,`iranyitoszam`,`varos`,`utca`,`idLevOrsz`,`levIrsz`,`levVaros`,`levUtca`,`telefon`,`tel2`,`mobil`,`email`,`altEmail`,`skype`,`linkedIn`,`DS`,`DEL`,`kep`,`visszaigazolt`) VALUES (UNHEX('3130343030'), UNHEX('353631363836'), UNHEX(''), UNHEX('4b697373'), UNHEX(''), UNHEX('50c3a9746572'), UNHEX(''), UNHEX('3136'), UNHEX(''), UNHEX(''), UNHEX(''), UNHEX('3136'), UNHEX(''), UNHEX(''), UNHEX(''), UNHEX(''), UNHEX(''), UNHEX(''), UNHEX('6b69737370657465726d6172746f6e40636974726f6d61696c2e6875'), UNHEX(''), UNHEX(''), UNHEX(''), UNHEX('323031342d30352d32332030393a34393a3134'), UNHEX('303030302d30302d30302030303a30303a3030'), UNHEX(''), UNHEX(''));
REPLACE INTO `szemely_t` (`szemelyID`,`jelszo`,`idTitulus`,`nev`,`nevkoz`,`nevkereszt`,`szulev`,`idLakOrsz`,`iranyitoszam`,`varos`,`utca`,`idLevOrsz`,`levIrsz`,`levVaros`,`levUtca`,`telefon`,`tel2`,`mobil`,`email`,`altEmail`,`skype`,`linkedIn`,`DS`,`DEL`,`kep`,`visszaigazolt`) VALUES (UNHEX('3130343031'), UNHEX('343635376265'), UNHEX('30'), UNHEX('4a7568c3a1737a'), UNHEX(''), UNHEX('4bc3a1726f6c79'), UNHEX('31393632'), UNHEX('3136'), UNHEX('31313132'), UNHEX('4275646170657374'), UNHEX('54c3a1736b6120757463612031332e'), UNHEX('3136'), UNHEX(''), UNHEX(''), UNHEX(''), UNHEX('2b3336203230392036353420343732'), UNHEX(''), UNHEX('2b3336203230392036353420343732'), UNHEX('4b61726f6c792e4a756861737a2e6a6f6240676d61696c2e636f6d'), UNHEX(''), UNHEX(''), UNHEX('2f7777772e6c696e6b6564696e2e636f6d2f7075622f6b61726f6c792d6a756861737a2f36372f3534372f613739'), UNHEX('323031342d30352d32332031323a31323a3534'), UNHEX('303030302d30302d30302030303a30303a3030'), UNHEX(''), UNHEX(''));
REPLACE INTO `szemely_terulet_t` (`szemelyID`,`teruletID`,`alteruletID`,`jelenlegi`,`IDdolgozottevek`,`DS`,`DEL`) VALUES (UNHEX('3130333939'), UNHEX('34'), UNHEX('343030'), UNHEX(''), UNHEX('32'), UNHEX('323031342d30352d32332030393a34303a3138'), UNHEX('303030302d30302d30302030303a30303a3030'));
REPLACE INTO `szemely_terulet_t` (`szemelyID`,`teruletID`,`alteruletID`,`jelenlegi`,`IDdolgozottevek`,`DS`,`DEL`) VALUES (UNHEX('3130333939'), UNHEX('3231'), UNHEX('343030'), UNHEX(''), UNHEX('32'), UNHEX('323031342d30352d32332030393a34313a3137'), UNHEX('303030302d30302d30302030303a30303a3030'));
REPLACE INTO `szemely_terulet_t` (`szemelyID`,`teruletID`,`alteruletID`,`jelenlegi`,`IDdolgozottevek`,`DS`,`DEL`) VALUES (UNHEX('3130343031'), UNHEX('34'), UNHEX('343030'), UNHEX(''), UNHEX('33'), UNHEX('323031342d30352d32332031323a30383a3330'), UNHEX('303030302d30302d30302030303a30303a3030'));
REPLACE INTO `szemely_terulet_t` (`szemelyID`,`teruletID`,`alteruletID`,`jelenlegi`,`IDdolgozottevek`,`DS`,`DEL`) VALUES (UNHEX('3130343031'), UNHEX('3236'), UNHEX('343030'), UNHEX('31'), UNHEX('33'), UNHEX('323031342d30352d32332031323a30393a3530'), UNHEX('303030302d30302d30302030303a30303a3030'));
REPLACE INTO `szemely_vegzettseg_t` (`szemelyID`,`vegzettsegID`,`VCSID`,`szakiranyID`,`DS`,`DEL`) VALUES (UNHEX('3130333939'), UNHEX('3430'), UNHEX('34'), UNHEX('363535'), UNHEX('323031342d30352d32332030393a33353a3130'), UNHEX('303030302d30302d30302030303a30303a3030'));
REPLACE INTO `szemely_vegzettseg_t` (`szemelyID`,`vegzettsegID`,`VCSID`,`szakiranyID`,`DS`,`DEL`) VALUES (UNHEX('3130343031'), UNHEX('3730'), UNHEX('38'), UNHEX('313338'), UNHEX('323031342d30352d32332031323a30333a3239'), UNHEX('323031342d30352d32332031323a30333a3239'));
REPLACE INTO `szemely_vegzettseg_t` (`szemelyID`,`vegzettsegID`,`VCSID`,`szakiranyID`,`DS`,`DEL`) VALUES (UNHEX('3130343031'), UNHEX('3330'), UNHEX('38'), UNHEX('313338'), UNHEX('323031342d30352d32332031323a31313a3431'), UNHEX('303030302d30302d30302030303a30303a3030'));
REPLACE INTO `szemely_vegzettseg_t` (`szemelyID`,`vegzettsegID`,`VCSID`,`szakiranyID`,`DS`,`DEL`) VALUES (UNHEX('3130343031'), UNHEX('3730'), UNHEX('3232'), UNHEX('3130303038'), UNHEX('323031342d30352d32332031323a30373a3236'), UNHEX('303030302d30302d30302030303a30303a3030'));
REPLACE INTO `szemely_alagazat_t` (`szemelyID`,`agazatID`,`alagazatID`,`jelenlegi`,`DS`,`DEL`) VALUES (UNHEX('3130333939'), UNHEX('3233'), UNHEX('31303135'), UNHEX('31'), UNHEX('323031342d30352d32332030393a33383a3132'), UNHEX('303030302d30302d30302030303a30303a3030'));
REPLACE INTO `szemely_alagazat_t` (`szemelyID`,`agazatID`,`alagazatID`,`jelenlegi`,`DS`,`DEL`) VALUES (UNHEX('3130333939'), UNHEX('3233'), UNHEX('31303032'), UNHEX(''), UNHEX('323031342d30352d32332030393a33383a3231'), UNHEX('303030302d30302d30302030303a30303a3030'));
REPLACE INTO `szemely_alagazat_t` (`szemelyID`,`agazatID`,`alagazatID`,`jelenlegi`,`DS`,`DEL`) VALUES (UNHEX('3130333939'), UNHEX('3233'), UNHEX('3330'), UNHEX(''), UNHEX('323031342d30352d32332030393a33393a3139'), UNHEX('303030302d30302d30302030303a30303a3030'));
REPLACE INTO `szemely_alagazat_t` (`szemelyID`,`agazatID`,`alagazatID`,`jelenlegi`,`DS`,`DEL`) VALUES (UNHEX('3130343031'), UNHEX('34'), UNHEX('31303233'), UNHEX(''), UNHEX('323031342d30352d32332031323a30383a3536'), UNHEX('303030302d30302d30302030303a30303a3030'));
REPLACE INTO `szemely_alagazat_t` (`szemelyID`,`agazatID`,`alagazatID`,`jelenlegi`,`DS`,`DEL`) VALUES (UNHEX('3130343031'), UNHEX('34'), UNHEX('31303337'), UNHEX('31'), UNHEX('323031342d30352d32332031323a30393a3039'), UNHEX('303030302d30302d30302030303a30303a3030'));
REPLACE INTO `tblOneletrajz` (`idOneletrajz`,`szemelyID`,`nyelvID`,`dateBe`,`nev`,`wordtype`,`DS`,`DEL`,`oneletrajz`) VALUES (UNHEX('35303931'), UNHEX('3130333939'), UNHEX('32'), UNHEX('323031342d30352d32332030393a33373a3338'), UNHEX('437572726963756c756d2056697461655f417474696c61204b697273745f323031342e646f63'), UNHEX('2e646f63'), UNHEX('323031342d30352d32332030393a33373a3338'), UNHEX('303030302d30302d30302030303a30303a3030'), UNHEX('[encoded data, 517444 characters]