
REPLACE INTO `szemely_terulet_t` (`szemelyID`,`teruletID`,`alteruletID`,`jelenlegi`,`IDdolgozottevek`,`DS`,`DEL`) VALUES (UNHEX('3130363830'), UNHEX('3135'), UNHEX('343031'), UNHEX(''), UNHEX('32'), UNHEX('323031352d30312d31392031393a30363a3038'), UNHEX('303030302d30302d30302030303a30303a3030'));
REPLACE INTO `szemely_terulet_t` (`szemelyID`,`teruletID`,`alteruletID`,`jelenlegi`,`IDdolgozottevek`,`DS`,`DEL`) VALUES (UNHEX('3130363830'), UNHEX('38'), UNHEX('343031'), UNHEX(''), UNHEX('32'), UNHEX('323031352d30312d31392031393a30363a3239'), UNHEX('303030302d30302d30302030303a30303a3030'));
REPLACE INTO `szemely_terulet_t` (`szemelyID`,`teruletID`,`alteruletID`,`jelenlegi`,`IDdolgozottevek`,`DS`,`DEL`) VALUES (UNHEX('3130363739'), UNHEX('3233'), UNHEX('343031'), UNHEX('31'), UNHEX('32'), UNHEX('323031352d30312d31392031393a33373a3436'), UNHEX('303030302d30302d30302030303a30303a3030'));
REPLACE INTO `szemely_vegzettseg_t` (`szemelyID`,`vegzettsegID`,`VCSID`,`szakiranyID`,`DS`,`DEL`) VALUES (UNHEX('3130363830'), UNHEX('3330'), UNHEX('3330'), UNHEX('3130303233'), UNHEX('323031352d30312d31392031393a30343a3430'), UNHEX('303030302d30302d30302030303a30303a3030'));
REPLACE INTO `szemely_vegzettseg_t` (`szemelyID`,`vegzettsegID`,`VCSID`,`szakiranyID`,`DS`,`DEL`) VALUES (UNHEX('3130363739'), UNHEX('3330'), UNHEX('34'), UNHEX('363535'), UNHEX('323031352d30312d31392031393a33363a3434'), UNHEX('303030302d30302d30302030303a30303a3030'));
REPLACE INTO `szemely_vegzettseg_t` (`szemelyID`,`vegzettsegID`,`VCSID`,`szakiranyID`,`DS`,`DEL`) VALUES (UNHEX('3130363739'), UNHEX('3430'), UNHEX('34'), UNHEX('3130303039'), UNHEX('323031352d30312d31392031393a33373a3038'), UNHEX('303030302d30302d30302030303a30303a3030'));
REPLACE INTO `tblOneletrajz` (`idOneletrajz`,`szemelyID`,`nyelvID`,`dateBe`,`nev`,`wordtype`,`DS`,`DEL`,`oneletrajz`) VALUES (UNHEX('35353639'), UNHEX('3130363830'), UNHEX('32'), UNHEX('323031352d30312d31392031393a31303a3432'), UNHEX('416e6472656120537a61626f2043562e706466'), UNHEX(''), UNHEX('323031352d30312d31392031393a31303a3432'), UNHEX('303030302d30302d30302030303a30303a3030'), UNHEX('[BLOB]'));
REPLACE INTO `tblOneletrajz` (`idOneletrajz`,`szemelyID`,`nyelvID`,`dateBe`,`nev`,`wordtype`,`DS`,`DEL`,`oneletrajz`) VALUES (UNHEX('35353730'), UNHEX('3130363739'), UNHEX('32'), UNHEX('323031352d30312d31392031393a33343a3536'), UNHEX('726573756d655f5a6f6c74616e5f42616e6c616b692e646f63'), UNHEX('2e646f63'), UNHEX('323031352d30312d31392031393a33343a3536'), UNHEX('303030302d30302d30302030303a30303a3030'), UNHEX('[BLOB]'));
REPLACE INTO `nyelvtudas_t` (`szemelyID`,`nyelvID`,`szintID`,`DS`,`DEL`) VALUES (UNHEX('3130363830'), UNHEX('32'), UNHEX('3530'), UNHEX('323031352d30312d31392031393a30343a3534'), UNHEX('303030302d30302d30302030303a30303a3030'));
REPLACE INTO `nyelvtudas_t` (`szemelyID`,`nyelvID`,`szintID`,`DS`,`DEL`) VALUES (UNHEX('3130363739'), UNHEX('32'), UNHEX('3530'), UNHEX('323031352d30312d31392031393a33343a3338'), UNHEX('303030302d30302d30302030303a30303a3030'));
REPLACE INTO `jelentkezesek` (`id`,`jobId`,`ugyfelId`,`registerTime`) VALUES (UNHEX('31323638'), UNHEX('363436'), UNHEX('3130363830'), UNHEX('31343231363931313030'));
REPLACE INTO `jelentkezesek` (`id`,`jobId`,`ugyfelId`,`registerTime`) VALUES (UNHEX('31323639'), UNHEX('363732'), UNHEX('3130363739'), UNHEX('31343231363932373339'));
