#---------------------------------------------------
#Pendl Adatbank - Módosítások SQL dumpj-a
#Időszak eleje: 2015.01.18 23:00:00
#Időszak vége: 2015.01.19 23:00:00
#---------------------------------------------------

REPLACE INTO `szemely_t` (`szemelyID`,`jelszo`,`idTitulus`,`nev`,`nevkoz`,`nevkereszt`,`szulev`,`idLakOrsz`,`iranyitoszam`,`varos`,`utca`,`idLevOrsz`,`levIrsz`,`levVaros`,`levUtca`,`telefon`,`tel2`,`mobil`,`email`,`altEmail`,`skype`,`linkedIn`,`DS`,`DEL`,`kep`,`visszaigazolt`) VALUES (UNHEX('3130363739'), UNHEX('613532386662'), UNHEX('30'), UNHEX('42c3a16e6c616b69'), UNHEX(''), UNHEX('5a6f6c74c3a16e'), UNHEX('31393831'), UNHEX('3136'), UNHEX('31313132'), UNHEX('4275646170657374'), UNHEX('4269727320757463612034'), UNHEX('3136'), UNHEX(''), UNHEX(''), UNHEX(''), UNHEX('2b3336323039383535373233'), UNHEX(''), UNHEX('2b3336323039383535373233'), UNHEX('7a62616e6c616b69407961686f6f2e636f6d'), UNHEX(''), UNHEX(''), UNHEX(''), UNHEX('323031352d30312d31392031393a33333a3538'), UNHEX('303030302d30302d30302030303a30303a3030'), UNHEX('[encoded data, 13914 characters]'), UNHEX(''));
REPLACE INTO `szemely_t` (`szemelyID`,`jelszo`,`idTitulus`,`nev`,`nevkoz`,`nevkereszt`,`szulev`,`idLakOrsz`,`iranyitoszam`,`varos`,`utca`,`idLevOrsz`,`levIrsz`,`levVaros`,`levUtca`,`telefon`,`tel2`,`mobil`,`email`,`altEmail`,`skype`,`linkedIn`,`DS`,`DEL`,`kep`,`visszaigazolt`) VALUES (UNHEX('3130363830'), UNHEX('356635366564'), UNHEX('30'), UNHEX('537a6162c3b3'), UNHEX(''), UNHEX('416e64726561'), UNHEX('31393830'), UNHEX('3136'), UNHEX('31313331'), UNHEX('4275646170657374'), UNHEX('42c3a96b6520752e2037372e2c20352f32302e'), UNHEX('3136'), UNHEX(''), UNHEX(''), UNHEX(''), UNHEX('2b33362d37302d36313339303437'), UNHEX(''), UNHEX(''), UNHEX('616e6469737a61626f383040676d61696c2e636f6d'), UNHEX(''), UNHEX(''), UNHEX(''), UNHEX('323031352d30312d31392031393a30343a3139'), UNHEX('303030302d30302d30302030303a30303a3030'), UNHEX(''), UNHEX(''));
REPLACE INTO `szemely_terulet_t` (`szemelyID`,`teruletID`,`alteruletID`,`jelenlegi`,`IDdolgozottevek`,`DS`,`DEL`) VALUES (UNHEX('3130363830'), UNHEX('3135'), UNHEX('343031'), UNHEX(''), UNHEX('32'), UNHEX('323031352d30312d31392031393a30363a3038'), UNHEX('303030302d30302d30302030303a30303a3030'));
REPLACE INTO `szemely_terulet_t` (`szemelyID`,`teruletID`,`alteruletID`,`jelenlegi`,`IDdolgozottevek`,`DS`,`DEL`) VALUES (UNHEX('3130363830'), UNHEX('38'), UNHEX('343031'), UNHEX(''), UNHEX('32'), UNHEX('323031352d30312d31392031393a30363a3239'), UNHEX('303030302d30302d30302030303a30303a3030'));
REPLACE INTO `szemely_terulet_t` (`szemelyID`,`teruletID`,`alteruletID`,`jelenlegi`,`IDdolgozottevek`,`DS`,`DEL`) VALUES (UNHEX('3130363739'), UNHEX('3233'), UNHEX('343031'), UNHEX('31'), UNHEX('32'), UNHEX('323031352d30312d31392031393a33373a3436'), UNHEX('303030302d30302d30302030303a30303a3030'));
REPLACE INTO `szemely_vegzettseg_t` (`szemelyID`,`vegzettsegID`,`VCSID`,`szakiranyID`,`DS`,`DEL`) VALUES (UNHEX('3130363830'), UNHEX('3330'), UNHEX('3330'), UNHEX('3130303233'), UNHEX('323031352d30312d31392031393a30343a3430'), UNHEX('303030302d30302d30302030303a30303a3030'));
REPLACE INTO `szemely_vegzettseg_t` (`szemelyID`,`vegzettsegID`,`VCSID`,`szakiranyID`,`DS`,`DEL`) VALUES (UNHEX('3130363739'), UNHEX('3330'), UNHEX('34'), UNHEX('363535'), UNHEX('323031352d30312d31392031393a33363a3434'), UNHEX('303030302d30302d30302030303a30303a3030'));
REPLACE INTO `szemely_vegzettseg_t` (`szemelyID`,`vegzettsegID`,`VCSID`,`szakiranyID`,`DS`,`DEL`) VALUES (UNHEX('3130363739'), UNHEX('3430'), UNHEX('34'), UNHEX('3130303039'), UNHEX('323031352d30312d31392031393a33373a3038'), UNHEX('303030302d30302d30302030303a30303a3030'));
REPLACE INTO `tblOneletrajz` (`idOneletrajz`,`szemelyID`,`nyelvID`,`dateBe`,`nev`,`wordtype`,`DS`,`DEL`,`oneletrajz`) VALUES (UNHEX('35353639'), UNHEX('3130363830'), UNHEX('32'), UNHEX('323031352d30312d31392031393a31303a3432'), UNHEX('416e6472656120537a61626f2043562e706466'), UNHEX(''), UNHEX('323031352d30312d31392031393a31303a3432'), UNHEX('303030302d30302d30302030303a30303a3030'), UNHEX('[encoded data, 291524 characters]'));
REPLACE INTO `tblOneletrajz` (`idOneletrajz`,`szemelyID`,`nyelvID`,`dateBe`,`nev`,`wordtype`,`DS`,`DEL`,`oneletrajz`) VALUES (UNHEX('35353730'), UNHEX('3130363739'), UNHEX('32'), UNHEX('323031352d30312d31392031393a33343a3536'), UNHEX('726573756d655f5a6f6c74616e5f42616e6c616b692e646f63'), UNHEX('2e646f63'), UNHEX('323031352d30312d31392031393a33343a3536'), UNHEX('303030302d30302d30302030303a30303a3030'), UNHEX('[encoded data, 81920 characters]'));
REPLACE INTO `nyelvtudas_t` (`szemelyID`,`nyelvID`,`szintID`,`DS`,`DEL`) VALUES (UNHEX('3130363830'), UNHEX('32'), UNHEX('3530'), UNHEX('323031352d30312d31392031393a30343a3534'), UNHEX('303030302d30302d30302030303a30303a3030'));
REPLACE INTO `nyelvtudas_t` (`szemelyID`,`nyelvID`,`szintID`,`DS`,`DEL`) VALUES (UNHEX('3130363739'), UNHEX('32'), UNHEX('3530'), UNHEX('323031352d30312d31392031393a33343a3338'), UNHEX('303030302d30302d30302030303a30303a3030'));
REPLACE INTO `jelentkezesek` (`id`,`jobId`,`ugyfelId`,`registerTime`) VALUES (UNHEX('31323638'), UNHEX('363436'), UNHEX('3130363830'), UNHEX('31343231363931313030'));
REPLACE INTO `jelentkezesek` (`id`,`jobId`,`ugyfelId`,`registerTime`) VALUES (UNHEX('31323639'), UNHEX('363732'), UNHEX('3130363739'), UNHEX('31343231363932373339'));
