#---------------------------------------------------
#Pendl Adatbank - Módosítások SQL dumpj-a
#Időszak eleje: 2015.06.09 00:00:00
#Időszak vége: 2015.06.10 00:00:00
#---------------------------------------------------

REPLACE INTO `szemely_t` (`szemelyID`,`jelszo`,`idTitulus`,`nev`,`nevkoz`,`nevkereszt`,`szulev`,`idLakOrsz`,`iranyitoszam`,`varos`,`utca`,`idLevOrsz`,`levIrsz`,`levVaros`,`levUtca`,`telefon`,`tel2`,`mobil`,`email`,`altEmail`,`skype`,`linkedIn`,`DS`,`DEL`,`kep`,`visszaigazolt`) VALUES (UNHEX('3130383538'), UNHEX('536172676176696c6936353333'), UNHEX('30'), UNHEX('537a6162c3b3'), UNHEX(''), UNHEX('4976c3a16e'), UNHEX('31393639'), UNHEX('3136'), UNHEX('32333130'), UNHEX('537a69676574737a656e746d696b6cc3b373'), UNHEX('446f726f7474796120752032362f44'), UNHEX('3136'), UNHEX(''), UNHEX(''), UNHEX(''), UNHEX('2b3336333036323430363234'), UNHEX(''), UNHEX(''), UNHEX('737a61626f2e6976616e2e3140676d61696c2e636f6d'), UNHEX(''), UNHEX(''), UNHEX(''), UNHEX('323031352d30362d30392030343a32323a3337'), UNHEX('303030302d30302d30302030303a30303a3030'), UNHEX(''), UNHEX(''));
REPLACE INTO `szemely_t` (`szemelyID`,`jelszo`,`idTitulus`,`nev`,`nevkoz`,`nevkereszt`,`szulev`,`idLakOrsz`,`iranyitoszam`,`varos`,`utca`,`idLevOrsz`,`levIrsz`,`levVaros`,`levUtca`,`telefon`,`tel2`,`mobil`,`email`,`altEmail`,`skype`,`linkedIn`,`DS`,`DEL`,`kep`,`visszaigazolt`) VALUES (UNHEX('3130383539'), UNHEX('343237343232'), UNHEX('30'), UNHEX('52c3a96769'), UNHEX(''), UNHEX('54616dc3a173'), UNHEX('31393836'), UNHEX('3136'), UNHEX('31303934'), UNHEX('4255646170657374'), UNHEX('56696f6c6120757463612033352c20312f33'), UNHEX('3136'), UNHEX(''), UNHEX(''), UNHEX(''), UNHEX('30303336333035363931333134'), UNHEX(''), UNHEX('30303336333035363931333134'), UNHEX('74616d61732e7265676940676d61696c2e636f6d'), UNHEX(''), UNHEX(''), UNHEX(''), UNHEX('323031352d30362d30392031363a30393a3439'), UNHEX('303030302d30302d30302030303a30303a3030'), UNHEX(''), UNHEX(''));
REPLACE INTO `szemely_terulet_t` (`szemelyID`,`teruletID`,`alteruletID`,`jelenlegi`,`IDdolgozottevek`,`DS`,`DEL`) VALUES (UNHEX('3130383538'), UNHEX('34'), UNHEX('343030'), UNHEX(''), UNHEX('33'), UNHEX('323031352d30362d30392030343a32363a3138'), UNHEX('303030302d30302d30302030303a30303a3030'));
REPLACE INTO `szemely_terulet_t` (`szemelyID`,`teruletID`,`alteruletID`,`jelenlegi`,`IDdolgozottevek`,`DS`,`DEL`) VALUES (UNHEX('3130383538'), UNHEX('3236'), UNHEX('343030'), UNHEX(''), UNHEX('33'), UNHEX('323031352d30362d30392030343a32373a3035'), UNHEX('303030302d30302d30302030303a30303a3030'));
REPLACE INTO `szemely_terulet_t` (`szemelyID`,`teruletID`,`alteruletID`,`jelenlegi`,`IDdolgozottevek`,`DS`,`DEL`) VALUES (UNHEX('3130383539'), UNHEX('33'), UNHEX('343031'), UNHEX('31'), UNHEX('32'), UNHEX('323031352d30362d30392031363a31303a3535'), UNHEX('303030302d30302d30302030303a30303a3030'));
REPLACE INTO `szemely_vegzettseg_t` (`szemelyID`,`vegzettsegID`,`VCSID`,`szakiranyID`,`DS`,`DEL`) VALUES (UNHEX('3130383538'), UNHEX('3430'), UNHEX('38'), UNHEX('3130303131'), UNHEX('323031352d30362d30392030343a32333a3331'), UNHEX('303030302d30302d30302030303a30303a3030'));
REPLACE INTO `szemely_vegzettseg_t` (`szemelyID`,`vegzettsegID`,`VCSID`,`szakiranyID`,`DS`,`DEL`) VALUES (UNHEX('3130383538'), UNHEX('3430'), UNHEX('3330'), UNHEX('3130303233'), UNHEX('323031352d30362d30392030343a32343a3137'), UNHEX('303030302d30302d30302030303a30303a3030'));
REPLACE INTO `szemely_vegzettseg_t` (`szemelyID`,`vegzettsegID`,`VCSID`,`szakiranyID`,`DS`,`DEL`) VALUES (UNHEX('3130383539'), UNHEX('3430'), UNHEX('34'), UNHEX('3930'), UNHEX('323031352d30362d30392031363a31303a3137'), UNHEX('303030302d30302d30302030303a30303a3030'));
REPLACE INTO `szemely_alagazat_t` (`szemelyID`,`agazatID`,`alagazatID`,`jelenlegi`,`DS`,`DEL`) VALUES (UNHEX('3130383538'), UNHEX('34'), UNHEX('31303236'), UNHEX(''), UNHEX('323031352d30362d30392030343a33323a3139'), UNHEX('303030302d30302d30302030303a30303a3030'));
REPLACE INTO `szemely_alagazat_t` (`szemelyID`,`agazatID`,`alagazatID`,`jelenlegi`,`DS`,`DEL`) VALUES (UNHEX('3130383538'), UNHEX('34'), UNHEX('31303431'), UNHEX(''), UNHEX('323031352d30362d30392030343a33323a3433'), UNHEX('303030302d30302d30302030303a30303a3030'));
REPLACE INTO `szemely_alagazat_t` (`szemelyID`,`agazatID`,`alagazatID`,`jelenlegi`,`DS`,`DEL`) VALUES (UNHEX('3130383538'), UNHEX('36'), UNHEX('31303439'), UNHEX(''), UNHEX('323031352d30362d30392030343a33353a3535'), UNHEX('303030302d30302d30302030303a30303a3030'));
REPLACE INTO `szemely_alagazat_t` (`szemelyID`,`agazatID`,`alagazatID`,`jelenlegi`,`DS`,`DEL`) VALUES (UNHEX('3130383539'), UNHEX('36'), UNHEX('31303439'), UNHEX('31'), UNHEX('323031352d30362d30392031363a31313a3036'), UNHEX('303030302d30302d30302030303a30303a3030'));
REPLACE INTO `tblOneletrajz` (`idOneletrajz`,`szemelyID`,`nyelvID`,`dateBe`,`nev`,`wordtype`,`DS`,`DEL`,`oneletrajz`) VALUES (UNHEX('35383934'), UNHEX('3130383539'), UNHEX('32'), UNHEX('323031352d30362d30392031363a31313a3334'), UNHEX('54616d6173205265676920456e676c6973682043562e646f63'), UNHEX('2e646f63'), UNHEX('323031352d30362d30392031363a31313a3334'), UNHEX('303030302d30302d30302030303a30303a3030'), UNHEX('[encoded data, 155648 characters]'));
REPLACE INTO `tblOneletrajz` (`idOneletrajz`,`szemelyID`,`nyelvID`,`dateBe`,`nev`,`wordtype`,`DS`,`DEL`,`oneletrajz`) VALUES (UNHEX('35383935'), UNHEX('3130383539'), UNHEX('3139'), UNHEX('323031352d30362d30392031363a31313a3535'), UNHEX('54616dc3a1732052c3a96769204f6e656c657472616a7a2e646f63'), UNHEX('2e646f63'), UNHEX('323031352d30362d30392031363a31313a3535'), UNHEX('303030302d30302d30302030303a30303a3030'), UNHEX('[encoded data, 176128 characters]'));
REPLACE INTO `nyelvtudas_t` (`szemelyID`,`nyelvID`,`szintID`,`DS`,`DEL`) VALUES (UNHEX('3130383538'), UNHEX('32'), UNHEX('3430'), UNHEX('323031352d30362d30392030343a32353a3031'), UNHEX('303030302d30302d30302030303a30303a3030'));
REPLACE INTO `nyelvtudas_t` (`szemelyID`,`nyelvID`,`szintID`,`DS`,`DEL`) VALUES (UNHEX('3130383538'), UNHEX('3230'), UNHEX('3530'), UNHEX('323031352d30362d30392030343a32353a3237'), UNHEX('303030302d30302d30302030303a30303a3030'));
REPLACE INTO `nyelvtudas_t` (`szemelyID`,`nyelvID`,`szintID`,`DS`,`DEL`) VALUES (UNHEX('3130383539'), UNHEX('32'), UNHEX('3530'), UNHEX('323031352d30362d30392031363a31303a3237'), UNHEX('303030302d30302d30302030303a30303a3030'));
REPLACE INTO `nyelvtudas_t` (`szemelyID`,`nyelvID`,`szintID`,`DS`,`DEL`) VALUES (UNHEX('3130383539'), UNHEX('3733'), UNHEX('3330'), UNHEX('323031352d30362d30392031363a31303a3338'), UNHEX('303030302d30302d30302030303a30303a3030'));
