#---------------------------------------------------
#Pendl Adatbank - Módosítások SQL dumpj-a
#Időszak eleje: 2016.03.24 23:00:00
#Időszak vége: 2016.03.25 23:00:00
#---------------------------------------------------

REPLACE INTO `szemely_t` (`szemelyID`,`jelszo`,`idTitulus`,`nev`,`nevkoz`,`nevkereszt`,`szulev`,`idLakOrsz`,`iranyitoszam`,`varos`,`utca`,`idLevOrsz`,`levIrsz`,`levVaros`,`levUtca`,`telefon`,`tel2`,`mobil`,`email`,`altEmail`,`skype`,`linkedIn`,`DS`,`DEL`,`kep`,`visszaigazolt`) VALUES (UNHEX('3131313030'), UNHEX('623238623361'), UNHEX(''), UNHEX('4b6f6d6cc3b37369'), UNHEX(''), UNHEX('417474696c61'), UNHEX(''), UNHEX('3136'), UNHEX(''), UNHEX(''), UNHEX(''), UNHEX('3136'), UNHEX(''), UNHEX(''), UNHEX(''), UNHEX(''), UNHEX(''), UNHEX(''), UNHEX('617474696c612e6b6f6d6c6f73694069636c6f75642e636f6d'), UNHEX(''), UNHEX(''), UNHEX(''), UNHEX('323031362d30332d32352031303a32303a3236'), UNHEX('303030302d30302d30302030303a30303a3030'), UNHEX(''), UNHEX(''));
REPLACE INTO `szemely_t` (`szemelyID`,`jelszo`,`idTitulus`,`nev`,`nevkoz`,`nevkereszt`,`szulev`,`idLakOrsz`,`iranyitoszam`,`varos`,`utca`,`idLevOrsz`,`levIrsz`,`levVaros`,`levUtca`,`telefon`,`tel2`,`mobil`,`email`,`altEmail`,`skype`,`linkedIn`,`DS`,`DEL`,`kep`,`visszaigazolt`) VALUES (UNHEX('3131313031'), UNHEX('376130386164'), UNHEX('30'), UNHEX('576f6c6c6e6572'), UNHEX(''), UNHEX('50c3a9746572'), UNHEX('31393736'), UNHEX('3136'), UNHEX('32303430'), UNHEX('42756461c3b67273'), UNHEX('50616e6f72c3a16d6120752e20332e'), UNHEX('3136'), UNHEX('32303435'), UNHEX('54c3b672c3b66b62c3a16c696e74'), UNHEX('c3816c6d6f732056657ac3a97220322f42'), UNHEX('2b3336333039323137393036'), UNHEX(''), UNHEX('2b3336333039323137393036'), UNHEX('776f6c6c6e693736303440676d61696c2e636f6d'), UNHEX(''), UNHEX(''), UNHEX(''), UNHEX('323031362d30332d32352031333a32333a3530'), UNHEX('303030302d30302d30302030303a30303a3030'), UNHEX(''), UNHEX(''));
REPLACE INTO `szemely_terulet_t` (`szemelyID`,`teruletID`,`alteruletID`,`jelenlegi`,`IDdolgozottevek`,`DS`,`DEL`) VALUES (UNHEX('3131313030'), UNHEX('34'), UNHEX('343030'), UNHEX('31'), UNHEX('33'), UNHEX('323031362d30332d32352031303a32373a3538'), UNHEX('303030302d30302d30302030303a30303a3030'));
REPLACE INTO `szemely_terulet_t` (`szemelyID`,`teruletID`,`alteruletID`,`jelenlegi`,`IDdolgozottevek`,`DS`,`DEL`) VALUES (UNHEX('3131313030'), UNHEX('3331'), UNHEX('343035'), UNHEX(''), UNHEX('33'), UNHEX('323031362d30332d32352031303a32383a3333'), UNHEX('303030302d30302d30302030303a30303a3030'));
REPLACE INTO `szemely_terulet_t` (`szemelyID`,`teruletID`,`alteruletID`,`jelenlegi`,`IDdolgozottevek`,`DS`,`DEL`) VALUES (UNHEX('3131313030'), UNHEX('3236'), UNHEX('343035'), UNHEX(''), UNHEX('32'), UNHEX('323031362d30332d32352031303a32393a3138'), UNHEX('323031362d30332d32352031303a32393a3138'));
REPLACE INTO `szemely_terulet_t` (`szemelyID`,`teruletID`,`alteruletID`,`jelenlegi`,`IDdolgozottevek`,`DS`,`DEL`) VALUES (UNHEX('3131313030'), UNHEX('3236'), UNHEX('343030'), UNHEX(''), UNHEX('33'), UNHEX('323031362d30332d32352031303a32393a3439'), UNHEX('303030302d30302d30302030303a30303a3030'));
REPLACE INTO `szemely_terulet_t` (`szemelyID`,`teruletID`,`alteruletID`,`jelenlegi`,`IDdolgozottevek`,`DS`,`DEL`) VALUES (UNHEX('3131313030'), UNHEX('3137'), UNHEX('343030'), UNHEX(''), UNHEX('32'), UNHEX('323031362d30332d32352031303a33303a3236'), UNHEX('303030302d30302d30302030303a30303a3030'));
REPLACE INTO `szemely_terulet_t` (`szemelyID`,`teruletID`,`alteruletID`,`jelenlegi`,`IDdolgozottevek`,`DS`,`DEL`) VALUES (UNHEX('3131313031'), UNHEX('3135'), UNHEX('343030'), UNHEX(''), UNHEX('33'), UNHEX('323031362d30332d32352031333a32353a3337'), UNHEX('303030302d30302d30302030303a30303a3030'));
REPLACE INTO `szemely_vegzettseg_t` (`szemelyID`,`vegzettsegID`,`VCSID`,`szakiranyID`,`DS`,`DEL`) VALUES (UNHEX('3131313030'), UNHEX('3330'), UNHEX('38'), UNHEX('3836'), UNHEX('323031362d30332d32352031303a32353a3032'), UNHEX('303030302d30302d30302030303a30303a3030'));
REPLACE INTO `szemely_vegzettseg_t` (`szemelyID`,`vegzettsegID`,`VCSID`,`szakiranyID`,`DS`,`DEL`) VALUES (UNHEX('3131313030'), UNHEX('3330'), UNHEX('34'), UNHEX('363535'), UNHEX('323031362d30332d32352031303a32353a3239'), UNHEX('303030302d30302d30302030303a30303a3030'));
REPLACE INTO `szemely_vegzettseg_t` (`szemelyID`,`vegzettsegID`,`VCSID`,`szakiranyID`,`DS`,`DEL`) VALUES (UNHEX('3131313030'), UNHEX('3430'), UNHEX('34'), UNHEX('3130303038'), UNHEX('323031362d30332d32352031303a32353a3533'), UNHEX('303030302d30302d30302030303a30303a3030'));
REPLACE INTO `szemely_vegzettseg_t` (`szemelyID`,`vegzettsegID`,`VCSID`,`szakiranyID`,`DS`,`DEL`) VALUES (UNHEX('3131313031'), UNHEX('3730'), UNHEX('34'), UNHEX('3233'), UNHEX('323031362d30332d32352031333a32343a3433'), UNHEX('303030302d30302d30302030303a30303a3030'));
REPLACE INTO `szemely_alagazat_t` (`szemelyID`,`agazatID`,`alagazatID`,`jelenlegi`,`DS`,`DEL`) VALUES (UNHEX('3131313030'), UNHEX('34'), UNHEX('3131'), UNHEX('31'), UNHEX('323031362d30332d32352031303a33303a3530'), UNHEX('303030302d30302d30302030303a30303a3030'));
REPLACE INTO `szemely_alagazat_t` (`szemelyID`,`agazatID`,`alagazatID`,`jelenlegi`,`DS`,`DEL`) VALUES (UNHEX('3131313031'), UNHEX('36'), UNHEX('31303134'), UNHEX(''), UNHEX('323031362d30332d32352031333a32353a3538'), UNHEX('303030302d30302d30302030303a30303a3030'));
REPLACE INTO `tblOneletrajz` (`idOneletrajz`,`szemelyID`,`nyelvID`,`dateBe`,`nev`,`wordtype`,`DS`,`DEL`,`oneletrajz`) VALUES (UNHEX('36333435'), UNHEX('3131313030'), UNHEX('32'), UNHEX('323031362d30332d32352031303a33313a3335'), UNHEX('437572726963756c756d2056697461655f322e646f63'), UNHEX('2e646f63'), UNHEX('323031362d30332d32352031303a33313a3335'), UNHEX('303030302d30302d30302030303a30303a3030'), UNHEX('[encoded data, 115712 characters]'));
REPLACE INTO `tblOneletrajz` (`idOneletrajz`,`szemelyID`,`nyelvID`,`dateBe`,`nev`,`wordtype`,`DS`,`DEL`,`oneletrajz`) VALUES (UNHEX('36333436'), UNHEX('3131313030'), UNHEX('3230'), UNHEX('323031362d30332d32352031303a33313a3536'), UNHEX('4c6562656e736c6175665f322e646f63'), UNHEX('2e646f63'), UNHEX('323031362d30332d32352031303a33313a3536'), UNHEX('303030302d30302d30302030303a30303a3030'), UNHEX('[encoded data, 269312 characters]'));
REPLACE INTO `tblOneletrajz` (`idOneletrajz`,`szemelyID`,`nyelvID`,`dateBe`,`nev`,`wordtype`,`DS`,`DEL`,`oneletrajz`) VALUES (UNHEX('36333437'), UNHEX('3131313030'), UNHEX('3139'), UNHEX('323031362d30332d32352031303a33323a3232'), UNHEX('6ec3a96c657472616a7a5f322e646f63'), UNHEX('2e646f63'), UNHEX('323031362d30332d32352031303a33323a3232'), UNHEX('303030302d30302d30302030303a30303a3030'), UNHEX('[encoded data, 132747 characters]