
REPLACE INTO `szemely_terulet_t` (`szemelyID`,`teruletID`,`alteruletID`,`jelenlegi`,`IDdolgozottevek`,`DS`,`DEL`) VALUES (UNHEX('3131313030'), UNHEX('34'), UNHEX('343030'), UNHEX('31'), UNHEX('33'), UNHEX('323031362d30332d32352031303a32373a3538'), UNHEX('303030302d30302d30302030303a30303a3030'));
REPLACE INTO `szemely_terulet_t` (`szemelyID`,`teruletID`,`alteruletID`,`jelenlegi`,`IDdolgozottevek`,`DS`,`DEL`) VALUES (UNHEX('3131313030'), UNHEX('3331'), UNHEX('343035'), UNHEX(''), UNHEX('33'), UNHEX('323031362d30332d32352031303a32383a3333'), UNHEX('303030302d30302d30302030303a30303a3030'));
REPLACE INTO `szemely_terulet_t` (`szemelyID`,`teruletID`,`alteruletID`,`jelenlegi`,`IDdolgozottevek`,`DS`,`DEL`) VALUES (UNHEX('3131313030'), UNHEX('3236'), UNHEX('343035'), UNHEX(''), UNHEX('32'), UNHEX('323031362d30332d32352031303a32393a3138'), UNHEX('323031362d30332d32352031303a32393a3138'));
REPLACE INTO `szemely_terulet_t` (`szemelyID`,`teruletID`,`alteruletID`,`jelenlegi`,`IDdolgozottevek`,`DS`,`DEL`) VALUES (UNHEX('3131313030'), UNHEX('3236'), UNHEX('343030'), UNHEX(''), UNHEX('33'), UNHEX('323031362d30332d32352031303a32393a3439'), UNHEX('303030302d30302d30302030303a30303a3030'));
REPLACE INTO `szemely_terulet_t` (`szemelyID`,`teruletID`,`alteruletID`,`jelenlegi`,`IDdolgozottevek`,`DS`,`DEL`) VALUES (UNHEX('3131313030'), UNHEX('3137'), UNHEX('343030'), UNHEX(''), UNHEX('32'), UNHEX('323031362d30332d32352031303a33303a3236'), UNHEX('303030302d30302d30302030303a30303a3030'));
REPLACE INTO `szemely_terulet_t` (`szemelyID`,`teruletID`,`alteruletID`,`jelenlegi`,`IDdolgozottevek`,`DS`,`DEL`) VALUES (UNHEX('3131313031'), UNHEX('3135'), UNHEX('343030'), UNHEX(''), UNHEX('33'), UNHEX('323031362d30332d32352031333a32353a3337'), UNHEX('303030302d30302d30302030303a30303a3030'));
REPLACE INTO `szemely_vegzettseg_t` (`szemelyID`,`vegzettsegID`,`VCSID`,`szakiranyID`,`DS`,`DEL`) VALUES (UNHEX('3131313030'), UNHEX('3330'), UNHEX('38'), UNHEX('3836'), UNHEX('323031362d30332d32352031303a32353a3032'), UNHEX('303030302d30302d30302030303a30303a3030'));
REPLACE INTO `szemely_vegzettseg_t` (`szemelyID`,`vegzettsegID`,`VCSID`,`szakiranyID`,`DS`,`DEL`) VALUES (UNHEX('3131313030'), UNHEX('3330'), UNHEX('34'), UNHEX('363535'), UNHEX('323031362d30332d32352031303a32353a3239'), UNHEX('303030302d30302d30302030303a30303a3030'));
REPLACE INTO `szemely_vegzettseg_t` (`szemelyID`,`vegzettsegID`,`VCSID`,`szakiranyID`,`DS`,`DEL`) VALUES (UNHEX('3131313030'), UNHEX('3430'), UNHEX('34'), UNHEX('3130303038'), UNHEX('323031362d30332d32352031303a32353a3533'), UNHEX('303030302d30302d30302030303a30303a3030'));
REPLACE INTO `szemely_vegzettseg_t` (`szemelyID`,`vegzettsegID`,`VCSID`,`szakiranyID`,`DS`,`DEL`) VALUES (UNHEX('3131313031'), UNHEX('3730'), UNHEX('34'), UNHEX('3233'), UNHEX('323031362d30332d32352031333a32343a3433'), UNHEX('303030302d30302d30302030303a30303a3030'));
REPLACE INTO `szemely_alagazat_t` (`szemelyID`,`agazatID`,`alagazatID`,`jelenlegi`,`DS`,`DEL`) VALUES (UNHEX('3131313030'), UNHEX('34'), UNHEX('3131'), UNHEX('31'), UNHEX('323031362d30332d32352031303a33303a3530'), UNHEX('303030302d30302d30302030303a30303a3030'));
REPLACE INTO `szemely_alagazat_t` (`szemelyID`,`agazatID`,`alagazatID`,`jelenlegi`,`DS`,`DEL`) VALUES (UNHEX('3131313031'), UNHEX('36'), UNHEX('31303134'), UNHEX(''), UNHEX('323031362d30332d32352031333a32353a3538'), UNHEX('303030302d30302d30302030303a30303a3030'));
REPLACE INTO `tblOneletrajz` (`idOneletrajz`,`szemelyID`,`nyelvID`,`dateBe`,`nev`,`wordtype`,`DS`,`DEL`,`oneletrajz`) VALUES (UNHEX('36333435'), UNHEX('3131313030'), UNHEX('32'), UNHEX('323031362d30332d32352031303a33313a3335'), UNHEX('437572726963756c756d2056697461655f322e646f63'), UNHEX('2e646f63'), UNHEX('323031362d30332d32352031303a33313a3335'), UNHEX('303030302d30302d30302030303a30303a3030'), UNHEX('[BLOB]'));
REPLACE INTO `tblOneletrajz` (`idOneletrajz`,`szemelyID`,`nyelvID`,`dateBe`,`nev`,`wordtype`,`DS`,`DEL`,`oneletrajz`) VALUES (UNHEX('36333436'), UNHEX('3131313030'), UNHEX('3230'), UNHEX('323031362d30332d32352031303a33313a3536'), UNHEX('4c6562656e736c6175665f322e646f63'), UNHEX('2e646f63'), UNHEX('323031362d30332d32352031303a33313a3536'), UNHEX('303030302d30302d30302030303a30303a3030'), UNHEX('[BLOB]'));
REPLACE INTO `tblOneletrajz` (`idOneletrajz`,`szemelyID`,`nyelvID`,`dateBe`,`nev`,`wordtype`,`DS`,`DEL`,`oneletrajz`) VALUES (UNHEX('36333437'), UNHEX('3131313030'), UNHEX('3139'), UNHEX('323031362d30332d32352031303a33323a3232'), UNHEX('6ec3a96c657472616a7a5f322e646f63'), UNHEX('2e646f63'), UNHEX('323031362d30332d32352031303a33323a3232'), UNHEX('303030302d30302d30302030303a30303a3030'), UNHEX('[BLOB]