#---------------------------------------------------
#Pendl Adatbank - Módosítások SQL dumpj-a
#Időszak eleje: 2016.06.08 00:00:00
#Időszak vége: 2016.06.09 00:00:00
#---------------------------------------------------

REPLACE INTO `szemely_t` (`szemelyID`,`jelszo`,`idTitulus`,`nev`,`nevkoz`,`nevkereszt`,`szulev`,`idLakOrsz`,`iranyitoszam`,`varos`,`utca`,`idLevOrsz`,`levIrsz`,`levVaros`,`levUtca`,`telefon`,`tel2`,`mobil`,`email`,`altEmail`,`skype`,`linkedIn`,`DS`,`DEL`,`kep`,`visszaigazolt`) VALUES (UNHEX('3131303832'), UNHEX('72756669636b613733'), UNHEX('30'), UNHEX('416e6e616d61726961'), UNHEX(''), UNHEX('5269676c6572'), UNHEX('31393733'), UNHEX('3136'), UNHEX('31313231'), UNHEX('4275646170657374'), UNHEX('42617a696e20752e20322e62'), UNHEX('3136'), UNHEX(''), UNHEX(''), UNHEX(''), UNHEX('3036323035363437343330'), UNHEX(''), UNHEX(''), UNHEX('7269676c65726140676d61696c2e636f6d'), UNHEX(''), UNHEX(''), UNHEX(''), UNHEX('323031362d30362d30382031323a35323a3230'), UNHEX('303030302d30302d30302030303a30303a3030'), UNHEX(''), UNHEX(''));
REPLACE INTO `szemely_t` (`szemelyID`,`jelszo`,`idTitulus`,`nev`,`nevkoz`,`nevkereszt`,`szulev`,`idLakOrsz`,`iranyitoszam`,`varos`,`utca`,`idLevOrsz`,`levIrsz`,`levVaros`,`levUtca`,`telefon`,`tel2`,`mobil`,`email`,`altEmail`,`skype`,`linkedIn`,`DS`,`DEL`,`kep`,`visszaigazolt`) VALUES (UNHEX('3131313730'), UNHEX('313932323361'), UNHEX(''), UNHEX('526f7a696e61'), UNHEX(''), UNHEX('4dc3a1727461'), UNHEX(''), UNHEX('3136'), UNHEX(''), UNHEX(''), UNHEX(''), UNHEX('3136'), UNHEX(''), UNHEX(''), UNHEX(''), UNHEX(''), UNHEX(''), UNHEX(''), UNHEX('62726d61727469323240676d61696c2e636f6d'), UNHEX(''), UNHEX(''), UNHEX(''), UNHEX('323031362d30362d30382031303a35323a3537'), UNHEX('303030302d30302d30302030303a30303a3030'), UNHEX(''), UNHEX(''));
REPLACE INTO `szemely_t` (`szemelyID`,`jelszo`,`idTitulus`,`nev`,`nevkoz`,`nevkereszt`,`szulev`,`idLakOrsz`,`iranyitoszam`,`varos`,`utca`,`idLevOrsz`,`levIrsz`,`levVaros`,`levUtca`,`telefon`,`tel2`,`mobil`,`email`,`altEmail`,`skype`,`linkedIn`,`DS`,`DEL`,`kep`,`visszaigazolt`) VALUES (UNHEX('3131313731'), UNHEX('663036343030'), UNHEX('30'), UNHEX('4bc3a17270c3a17469'), UNHEX(''), UNHEX('5a6f6c74c3a16e'), UNHEX('31393735'), UNHEX('3136'), UNHEX('34303331'), UNHEX('446562726563656e'), UNHEX('537ac3a96368656e796920752e2039372f41'), UNHEX('3136'), UNHEX('32353235'), UNHEX('42616a6e61'), UNHEX('c590726865677920616c6a612034'), UNHEX('3036333032303736343333'), UNHEX(''), UNHEX('3036333032303736343333'), UNHEX('6b617270617468692e7a6f6c74616e40676d61696c2e636f6d'), UNHEX(''), UNHEX('6b7a6b69736b6f72757661646c6f7474'), UNHEX('68747470733a2f2f7777772e6c696e6b6564696e2e636f6d2f696e2f7a6f6c74616e2d6b6172706174692d6135623962383131353f61757468547970653d2661757468546f6b656e3d2674726b3d'), UNHEX('323031362d30362d30382031323a32383a3336'), UNHEX('303030302d30302d30302030303a30303a3030'), UNHEX('[encoded data, 45400 characters]'), UNHEX(''));
REPLACE INTO `szemely_t` (`szemelyID`,`jelszo`,`idTitulus`,`nev`,`nevkoz`,`nevkereszt`,`szulev`,`idLakOrsz`,`iranyitoszam`,`varos`,`utca`,`idLevOrsz`,`levIrsz`,`levVaros`,`levUtca`,`telefon`,`tel2`,`mobil`,`email`,`altEmail`,`skype`,`linkedIn`,`DS`,`DEL`,`kep`,`visszaigazolt`) VALUES (UNHEX('3131313732'), UNHEX('306237636164'), UNHEX(''), UNHEX('66657262657220'), UNHEX(''), UNHEX('616e697461'), UNHEX(''), UNHEX('3136'), UNHEX(''), UNHEX(''), UNHEX(''), UNHEX('3136'), UNHEX(''), UNHEX(''), UNHEX(''), UNHEX(''), UNHEX(''), UNHEX(''), UNHEX('666572626572616e69746140676d61696c2e636f6d'), UNHEX(''), UNHEX(''), UNHEX(''), UNHEX('323031362d30362d30382031343a30343a3532'), UNHEX('303030302d30302d30302030303a30303a3030'), UNHEX(''), UNHEX(''));
REPLACE INTO `szemely_t` (`szemelyID`,`jelszo`,`idTitulus`,`nev`,`nevkoz`,`nevkereszt`,`szulev`,`idLakOrsz`,`iranyitoszam`,`varos`,`utca`,`idLevOrsz`,`levIrsz`,`levVaros`,`levUtca`,`telefon`,`tel2`,`mobil`,`email`,`altEmail`,`skype`,`linkedIn`,`DS`,`DEL`,`kep`,`visszaigazolt`) VALUES (UNHEX('3131313733'), UNHEX('343135363038'), UNHEX(''), UNHEX('44722e2042616c6f6768'), UNHEX(''), UNHEX('456dc3ad6c6961'), UNHEX(''), UNHEX('3136'), UNHEX(''), UNHEX(''), UNHEX(''), UNHEX('3136'), UNHEX(''), UNHEX(''), UNHEX(''), UNHEX(''), UNHEX(''), UNHEX(''), UNHEX('62616c6f6768656d696c6961647240676d61696c2e636f6d'), UNHEX(''), UNHEX(''), UNHEX(''), UNHEX('323031362d30362d30382031373a32393a3330'), UNHEX('303030302d30302d30302030303a30303a3030'), UNHEX(''), UNHEX(''));
REPLACE INTO `szemely_terulet_t` (`szemelyID`,`teruletID`,`alteruletID`,`jelenlegi`,`IDdolgozottevek`,`DS`,`DEL`) VALUES (UNHEX('3131313731'), UNHEX('3330'), UNHEX('343035'), UNHEX(''), UNHEX('33'), UNHEX('323031362d30362d30382031323a33303a3138'), UNHEX('303030302d30302d30302030303a30303a3030'));
REPLACE INTO `szemely_terulet_t` (`szemelyID`,`teruletID`,`alteruletID`,`jelenlegi`,`IDdolgozottevek`,`DS`,`DEL`) VALUES (UNHEX('3131313731'), UNHEX('34'), UNHEX('343030'), UNHEX(''), UNHEX('33'), UNHEX('323031362d30362d30382031323a33303a3334'), UNHEX('303030302d30302d30302030303a30303a3030'));
REPLACE INTO `szemely_terulet_t` (`szemelyID`,`teruletID`,`alteruletID`,`jelenlegi`,`IDdolgozottevek`,`DS`,`DEL`) VALUES (UNHEX('3131313731'), UNHEX('33'), UNHEX('343031'), UNHEX(''), UNHEX('33'), UNHEX('323031362d30362d30382031323a33303a3535'), UNHEX('303030302d30302d30302030303a30303a3030'));
REPLACE INTO `szemely_terulet_t` (`szemelyID`,`teruletID`,`alteruletID`,`jelenlegi`,`IDdolgozottevek`,`DS`,`DEL`) VALUES (UNHEX('3131303832'), UNHEX('3234'), UNHEX('343034'), UNHEX(''), UNHEX('30'), UNHEX('323031362d30362d30382031323a35333a3233'), UNHEX('303030302d30302d30302030303a30303a3030'));
REPLACE INTO `szemely_terulet_t` (`szemelyID`,`teruletID`,`alteruletID`,`jelenlegi`,`IDdolgozottevek`,`DS`,`DEL`) VALUES (UNHEX('3131303832'), UNHEX('36'), UNHEX('343033'), UNHEX(''), UNHEX('30'), UNHEX('323031362d30362d30382031323a35333a3336'), UNHEX('303030302d30302d30302030303a30303a3030'));
REPLACE INTO `szemely_vegzettseg_t` (`szemelyID`,`vegzettsegID`,`VCSID`,`szakiranyID`,`DS`,`DEL`) VALUES (UNHEX('3131313731'), UNHEX('3430'), UNHEX('34'), UNHEX('313639'), UNHEX('323031362d30362d30382031323a32393a3130'), UNHEX('303030302d30302d30302030303a30303a3030'));
REPLACE INTO `szemely_vegzettseg_t` (`szemelyID`,`vegzettsegID`,`VCSID`,`szakiranyID`,`DS`,`DEL`) VALUES (UNHEX('3131313731'), UNHEX('3330'), UNHEX('34'), UNHEX('343137'), UNHEX('323031362d30362d30382031323a32393a3235'), UNHEX('303030302d30302d30302030303a30303a3030'));
REPLACE INTO `szemely_vegzettseg_t` (`szemelyID`,`vegzettsegID`,`VCSID`,`szakiranyID`,`DS`,`DEL`) VALUES (UNHEX('3131303832'), UNHEX('3330'), UNHEX('34'), UNHEX('343735'), UNHEX('323031362d30362d30382031323a35323a3432'), UNHEX('303030302d30302d30302030303a30303a3030'));
REPLACE INTO `szemely_vegzettseg_t` (`szemelyID`,`vegzettsegID`,`VCSID`,`szakiranyID`,`DS`,`DEL`) VALUES (UNHEX('3131313732'), UNHEX('3330'), UNHEX('313030'), UNHEX('3130303036'), UNHEX('323031362d30362d30382031343a30393a3431'), UNHEX('323031362d30362d30382031343a30393a3431'));
REPLACE INTO `szemely_alagazat_t` (`szemelyID`,`agazatID`,`alagazatID`,`jelenlegi`,`DS`,`DEL`) VALUES (UNHEX('3131313731'), UNHEX('36'), UNHEX('31303432'), UNHEX(''), UNHEX('323031362d30362d30382031323a33313a3437'), UNHEX('303030302d30302d30302030303a30303a3030'));
REPLACE INTO `szemely_alagazat_t` (`szemelyID`,`agazatID`,`alagazatID`,`jelenlegi`,`DS`,`DEL`) VALUES (UNHEX('3131313731'), UNHEX('3233'), UNHEX('31303139'), UNHEX(''), UNHEX('323031362d30362d30382031323a33313a3336'), UNHEX('303030302d30302d30302030303a30303a3030'));
REPLACE INTO `szemely_alagazat_t` (`szemelyID`,`agazatID`,`alagazatID`,`jelenlegi`,`DS`,`DEL`) VALUES (UNHEX('3131313731'), UNHEX('3233'), UNHEX('31303135'), UNHEX(''), UNHEX('323031362d30362d30382031323a33323a3033'), UNHEX('303030302d30302d30302030303a30303a3030'));
REPLACE INTO `szemely_alagazat_t` (`szemelyID`,`agazatID`,`alagazatID`,`jelenlegi`,`DS`,`DEL`) VALUES (UNHEX('3131313731'), UNHEX('36'), UNHEX('31303134'), UNHEX(''), UNHEX('323031362d30362d30382031323a33323a3339'), UNHEX('303030302d30302d30302030303a30303a3030'));
REPLACE INTO `szemely_alagazat_t` (`szemelyID`,`agazatID`,`alagazatID`,`jelenlegi`,`DS`,`DEL`) VALUES (UNHEX('3131303832'), UNHEX('3233'), UNHEX('31303138'), UNHEX(''), UNHEX('323031362d30362d30382031323a35353a3034'), UNHEX('303030302d30302d30302030303a30303a3030'));
REPLACE INTO `tblOneletrajz` (`idOneletrajz`,`szemelyID`,`nyelvID`,`dateBe`,`nev`,`wordtype`,`DS`,`DEL`,`oneletrajz`) VALUES (UNHEX('36353038'), UNHEX('3131313731'), UNHEX('3139'), UNHEX('323031362d30362d30382031323a33333a3032'), UNHEX('32303136303533315f4356202d204bc3a17270c3a17469205a6f6c74c3a16e5f48554e2e646f63'), UNHEX('2e646f63'), UNHEX('323031362d30362d30382031323a33333a3032'), UNHEX('303030302d30302d30302030303a30303a3030'), UNHEX('[encoded data, 470128 characters]